ed by 700.
137
Calculate the remainder when 3495 is divided by 602.
485
What is the remainder when 383247 is divided by 350?
347
Calculate the remainder when 573099 is divided by 223.
212
What is the remainder when 831 is divided by 706?
125
What is the remainder when 11816 is divided by 438?
428
Calculate the remainder when 2130 is divided by 962.
206
What is the remainder when 8845 is divided by 136?
5
Calculate the remainder when 2802 is divided by 681.
78
Calculate the remainder when 2696 is divided by 170.
146
Calculate the remainder when 40949 is divided by 3184.
2741
Calculate the remainder when 8155 is divided by 117.
82
What is the remainder when 132332 is divided by 665?
662
What is the remainder when 2371 is divided by 701?
268
What is the remainder when 13877 is divided by 4621?
14
What is the remainder when 3281 is divided by 1560?
161
What is the remainder when 8837 is divided by 103?
82
Calculate the remainder when 13680 is divided by 6739.
202
What is the remainder when 21734 is divided by 144?
134
What is the remainder when 38602 is divided by 1101?
67
What is the remainder when 6449 is divided by 86?
85
Calculate the remainder when 8233 is divided by 72.
25
What is the remainder when 8438577 is divided by 12?
9
Calculate the remainder when 196236 is divided by 20.
16
Calculate the remainder when 163783 is divided by 252.
235
Calculate the remainder when 846020 is divided by 167.
165
What is the remainder when 1794187 is divided by 11?
10
Calculate the remainder when 2506 is divided by 89.
14
Calculate the remainder when 397191 is divided by 14.
11
Calculate the remainder when 93058 is divided by 66.
64
What is the remainder when 30692 is divided by 10225?
17
Calculate the remainder when 1478 is divided by 34.
16
Calculate the remainder when 7143 is divided by 16.
7
Calculate the remainder when 501 is divided by 355.
146
Calculate the remainder when 20880 is divided by 53.
51
Calculate the remainder when 4822 is divided by 287.
230
Calculate the remainder when 14239 is divided by 839.
815
What is the remainder when 20084 is divided by 2497?
108
What is the remainder when 3082 is divided by 16?
10
What is the remainder when 5077 is divided by 356?
93
What is the remainder when 12399 is divided by 2060?
39
What is the remainder when 98192 is divided by 58?
56
Calculate the remainder when 169493 is divided by 123.
122
Calculate the remainder when 5002 is divided by 22.
8
What is the remainder when 12625 is divided by 247?
28
Calculate the remainder when 466439 is divided by 845.
844
Calculate the remainder when 86593 is divided by 77.
45
What is the remainder when 31281 is divided by 15639?
3
Calculate the remainder when 184487 is divided by 154.
149
Calculate the remainder when 3195 is divided by 1249.
697
What is the remainder when 11908 is divided by 137?
126
Calculate the remainder when 18191 is divided by 39.
17
What is the remainder when 299741 is divided by 485?
11
What is the remainder when 591 is divided by 589?
2
What is the remainder when 10569 is divided by 526?
49
Calculate the remainder when 15831 is divided by 7898.
35
What is the remainder when 8014 is divided by 46?
10
What is the remainder when 2603 is divided by 43?
23
Calculate the remainder when 5823 is divided by 112.
111
What is the remainder when 22292 is divided by 7421?
29
Calculate the remainder when 46811 is divided by 266.
261
What is the remainder when 6824 is divided by 80?
24
What is the remainder when 2056 is divided by 74?
58
Calculate the remainder when 5004 is divided by 80.
44
Calculate the remainder when 54661 is divided by 19.
17
What is the remainder when 83679 is divided by 32?
31
Calculate the remainder when 566 is divided by 158.
92
Calculate the remainder when 1136771 is divided by 17.
15
Calculate the remainder when 107464 is divided by 301.
7
What is the remainder when 103188 is divided by 2195?
23
What is the remainder when 94558 is divided by 4?
2
What is the remainder when 21647 is divided by 1145?
1037
Calculate the remainder when 1445857 is divided by 1153.
1148
Calculate the remainder when 13987 is divided by 2326.
31
Calculate the remainder when 1472 is divided by 620.
232
Calculate the remainder when 14432 is divided by 2400.
32
What is the remainder when 537468 is divided by 33?
30
Calculate the remainder when 225123 is divided by 22509.
33
Calculate the remainder when 132543 is divided by 218.
217
Calculate the remainder when 855151 is divided by 99.
88
Calculate the remainder when 1428565 is divided by 330.
325
What is the remainder when 32491 is divided by 8116?
27
What is the remainder when 78175 is divided by 416?
383
What is the remainder when 4756 is divided by 138?
64
Calculate the remainder when 627 is divided by 194.
45
What is the remainder when 13438 is divided by 40?
38
What is the remainder when 17800 is divided by 5929?
13
Calculate the remainder when 10367 is divided by 2577.
59
Calculate the remainder when 3059 is divided by 78.
17
Calculate the remainder when 6171 is divided by 840.
291
What is the remainder when 13304 is divided by 100?
4
Calculate the remainder when 60267 is divided by 210.
207
What is the remainder when 423551 is divided by 6?
5
What is the remainder when 17826 is divided by 24?
18
Calculate the remainder when 562621 is divided by 118.
115
Calculate the remainder when 1146 is divided by 14.
12
Calculate the remainder when 151124 is divided by 93.
92
Calculate the remainder when 8607 is divided by 8483.
124
Calculate the remainder when 28813 is divided by 44.
37
Calculate the remainder when 1823 is divided by 136.
55
Calculate the remainder when 8487 is divided by 22.
17
Calculate the remainder when 15067 is divided by 302.
269
Calculate the remainder when 391206 is divided by 304.
262
Calculate the remainder when 46080 is divided by 82.
78
Calculate the remainder when 37699 is divided by 95.
79
What is the remainder when 3600 is divided by 566?
204
Calculate the remainder when 97622 is divided by 331.
308
What is the remainder when 3856 is divided by 944?
80
Calculate the remainder when 34300 is divided by 33.
13
What is the remainder when 20959 is divided by 56?
15
What is the remainder when 313040 is divided by 1252?
40
What is the remainder when 2135 is divided by 1166?
969
What is the remainder when 90283 is divided by 44?
39
What is the remainder when 17973 is divided by 2245?
13
Calculate the remainder when 42836 is divided by 386.
376
What is the remainder when 192946 is divided by 17?
13
Calculate the remainder when 115340 is divided by 27.
23
What is the remainder when 9821 is divided by 9813?
8
What is the remainder when 1935 is divided by 39?
24
Calculate the remainder when 653604 is divided by 1224.
1212
Calculate the remainder when 109171 is divided by 19.
16
What is the remainder when 98959 is divided by 56?
7
What is the remainder when 9464 is divided by 86?
4
Calculate the remainder when 6591 is divided by 9.
3
What is the remainder when 1060 is divided by 895?
165
What is the remainder when 3069 is divided by 745?
89
What is the remainder when 14977 is divided by 1069?
11
What is the remainder when 3824 is divided by 2715?
1109
Calculate the remainder when 4021 is divided by 281.
87
What is the remainder when 60543 is divided by 12082?
133
What is the remainder when 50965 is divided by 5087?
95
Calculate the remainder when 77764 is divided by 144.
4
Calculate the remainder when 37245 is divided by 24.
21
What is the remainder when 40656 is divided by 991?
25
What is the remainder when 3914 is divided by 776?
34
Calculate the remainder when 3430 is divided by 15.
10
What is the remainder when 825452 is divided by 121?
111
Calculate the remainder when 45355 is divided by 15114.
13
What is the remainder when 40721 is divided by 5817?
2
What is the remainder when 11039 is divided by 403?
158
What is the remainder when 389597 is divided by 33?
32
What is the remainder when 7991 is divided by 766?
331
Calculate the remainder when 2019 is divided by 37.
21
Calculate the remainder when 3504726 is divided by 11.
5
What is the remainder when 5760855 is divided by 1048?
1047
What is the remainder when 5218 is divided by 1213?
366
Calculate the remainder when 18631 is divided by